 of i and v.
30
Let j(u) = u**3 - u - 18. Let b be j(0). Let a be 330/b + 1/3. Let y be (308/21)/((-2)/a). What is the greatest common divisor of 12 and y?
12
Let p(z) = -z - 2. Let d be 320/12 + 2/6. Let u = -39 + d. Let g be p(u). What is the highest common factor of 5 and g?
5
Let i = -1356 + 1473. Calculate the highest common divisor of 234 and i.
117
Suppose 5*u - o = -0*o + 5109, -u + 3*o = -1019. Calculate the greatest common factor of u and 14.
14
Suppose b = 2*p - 437, -2*p - 2*b + 375 + 47 = 0. What is the greatest common divisor of 24 and p?
24
Let m(a) be the first derivative of a**3/3 - a**2/2 - 3*a - 4. Let i be m(-9). Let s be (-2)/(-4) + i/6. Calculate the highest common factor of s and 75.
15
Suppose -15*z + 3206 + 769 = 0. What is the greatest common factor of 106 and z?
53
Suppose -q - 2 = -5*c, -q = 4*c - 3*q + 2. Let f be 3 + (1 + 0)/c. Let u be (-11)/f*(-4)/1. What is the greatest common divisor of u and 33?
11
Let n(j) = 21*j - 69. Let o be n(4). What is the greatest common divisor of o and 81?
3
Suppose 4*g + 2*g = 12. Let w(j) = 5*j**3 + 13*j**2 - 9 - 4*j**3 + g*j - 3*j. Let u be w(-13). Calculate the greatest common factor of 6 and u.
2
Let u be (1/(-2))/(7/14)*-540. What is the greatest common factor of u and 12?
12
Let y = -2395 + 2399. Let s(o) = o**2 - 3*o - 2. Let b be s(-2). What is the highest common divisor of b and y?
4
Let m be (-33)/(-1 + 3 - 3). Let r be (-1 - 1)/((-22)/m). Let q = -8 + 17. Calculate the greatest common factor of q and r.
3
Let b(j) be the first derivative of j**4/4 + 7*j**3/3 + 7*j**2/2 - 3*j - 3. Let t be b(-6). Let g = t - -14. What is the greatest common divisor of g and 5?
5
Let m = -38 - -50. Calculate the greatest common divisor of m and 20.
4
Let a(p) = p - 19. Let s be a(18). Let b be ((-3 - -6) + 136)/s. Let v be (b + (-8)/(-2))*-1. What is the highest common factor of v and 27?
27
Let c(w) = 8*w - 4. Let m(v) = -v**3 + v**2 - 3*v - 3. Let d be m(-2). Let y be 4/(-2 + d/6). Let o be c(y). Calculate the highest common divisor of 10 and o.
10
Let p(f) = 3*f + 79. Let h be p(-19). Let b(d) = 7*d**2 + 2*d + 1. Let g be b(2). Calculate the greatest common divisor of h and g.
11
Let a be -88*2/(16/(-4)). Let s = a - 32. Let g(v) = 23*v + 2. Let r be g(2). What is the greatest common divisor of s and r?
12
Let v be ((-39)/6 - -1)*26. Let r = v + 251. Calculate the highest common factor of r and 27.
27
Suppose -16 = 4*m, -4*m = -5*a - m + 22. Suppose -4*c + 4*v + 628 = 0, 0*v = a*v + 10. Calculate the greatest common divisor of 38 and c.
38
Suppose -585 = -4*o - 5*y, -5*y - 765 = -25*o + 20*o. Calculate the greatest common divisor of o and 330.
30
Suppose n + 7 = 2*n. Let o(j) = 2*j**3 + 9*j**2 + 22. Let p be o(-5). Let w be (n*p)/((-15)/10). What is the highest common factor of 21 and w?
7
Let l = -3 - -25. Let q = 98 + -139. Let j = 195 + q. What is the greatest common factor of j and l?
22
Let a(o) = 5*o + 35. Let c(b) = -3*b - 17. Let t(z) = 2*a(z) + 5*c(z). Let y be t(-7). Calculate the greatest common divisor of y and 160.
20
Suppose 6*k + 5*d - 825 = 3*k, -d = -k + 283. Suppose 2*c - 64 = -3*m, 34*c = 38*c + 4*m - 132. What is the greatest common divisor of k and c?
35
Suppose -10*f + 52*f - 10878 = 0. What is the highest common factor of 7 and f?
7
Let n be 2892/30 + 2/(-5). Suppose -4*v = -58 - 166. Let o = n - v. What is the highest common factor of o and 100?
20
Suppose -u - c + 2*c = -46, 0 = -u + 4*c + 58. Let g = -11652 - -11820. What is the greatest common factor of g and u?
42
Let w = -2 + 11. Suppose 3*x = -48 + 183. Calculate the greatest common divisor of x and w.
9
Let a(l) be the second derivative of -l**3/6 - 3*l**2/2 + l. Let n be a(-7). Suppose 101 = n*f + 9. What is the greatest common factor of 184 and f?
23
Let d be ((-264)/(-154))/(3/42). Calculate the greatest common divisor of d and 120.
24
Let f be (-7 - 287/(-35))/((-2)/(-15)). Calculate the highest common factor of f and 15.
3
Suppose 2*u + u - 57 = 0. Let w = -1107 - -1278. What is the greatest common factor of w and u?
19
Let j(b) = 4*b**2 - 3*b - 7. Let g be j(-5). Suppose -2*w + 3*m - 2*m = -g, -5*m = 3*w - 175. Calculate the highest common factor of w and 11.
11
Let v be 27/3 - (0 - 215). What is the highest common factor of 14 and v?
14
Let m be (42/(-9))/(15 + 1274/(-84)). Calculate the highest common divisor of m and 212.
4
Let s be 8/(-6) + 660/9. What is the highest common divisor of s and 12?
12
Suppose 9 = -3*j + 4*o, 5*j + 9 = -2*o - 6. Let m = 3 - j. What is the greatest common divisor of 1 and m?
1
Let r = -3502 - -7184. Calculate the highest common factor of 14 and r.
14
Suppose 6*b - 89 = -3*u + 2*b, 2*u = 2*b + 50. Let c(g) = 131*g - 637. Let y be c(5). Calculate the highest common divisor of u and y.
9
Let c = -225 + 252. What is the highest common factor of c and 351?
27
Let v be (0 + 1 - 2) + -3. Let z be 3 - v/(8/2). Let j be -6 + 39 - -1*3. What is the highest common divisor of z and j?
4
Let l = 156 + -106. What is the highest common divisor of 40 and l?
10
Let c(a) = -2*a**2 + 4*a - 17. Let b be c(5). Let f = -14 - b. Calculate the greatest common factor of f and 165.
33
Let r(g) = 2*g**2 + 13*g - 12. Let p be r(-8). Let j(z) = 3*z**3 + z + 1. Let x be j(-1). Let d = x + 9. What is the highest common factor of d and p?
6
Let b be (3 + 161)/(21 + -19). Calculate the highest common factor of b and 1025.
41
Let s be ((-432)/180)/(1/(-75)). What is the greatest common factor of s and 18?
18
Suppose -b - 2940 = -3024. Calculate the highest common divisor of b and 308.
28
Suppose -3*t = 2*z - 1359, 5*t + 5*z = 8*z + 2246. What is the highest common factor of t and 11?
11
Let n(l) = -13*l - 4. Let j be 0 - (2 - 12/((-6)/3)). Let x be n(j). Calculate the greatest common divisor of 40 and x.
20
Let v = 2 + 1. Let f(k) = 3 + 3*k - 10 - 2*k**2 + 9*k**2 + 2*k**2 - k**v. Let y be f(9). Calculate the highest common divisor of y and 4.
4
Suppose -5*t = o - 1645, -3*t + 0*o = -2*o - 1000. Suppose -40 = -2*u + 5*m - 10*m, m + 64 = 2*u. Calculate the highest common divisor of t and u.
30
Let f(m) = m**3 + 20*m**2 + 16*m + 27. Let c be f(-19). Suppose -c = 15*h - 21*h. What is the greatest common factor of h and 7?
7
Let y = 16 - -14. Calculate the greatest common divisor of 60 and y.
30
Let k(g) = -11*g**3 - 7*g - 6. Let s be k(-3). Let f = 75 - 36. What is the greatest common factor of f and s?
39
Suppose 3*u - a - 134 = 0, -a - 127 = -5*u + 95. Let x be (-38 - -5)*2/(-3). What is the greatest common factor of u and x?
22
Suppose 4*c - 4 = 4. Suppose -4*p - 12 = -c*p. Let w = p - -18. Calculate the highest common factor of 12 and w.
12
Let k be (1 + -2)/(2/(-2)). Let d be 163 - (0 + (k - -1)). Let n(m) = 8*m - 25. Let r be n(6). Calculate the highest common factor of r and d.
23
Let g = 67 + -52. Suppose f = 5*c - 10, 3*f + 6 = 4*c - 2. Let h(r) = -r + 165. Let a be h(f). Calculate the greatest common factor of a and g.
15
Let b = 17 + -21. Let k be (8/6)/b*-6. Let c be ((-3)/k)/((-21)/280). What is the highest common divisor of c and 30?
10
Suppose 5*w = -0*w + 60. Let d = -428 + 572. What is the highest common divisor of w and d?
12
Suppose -52*o - 13*o = -1673 - 537. Suppose -3*n - 21 + 123 = 0. Calculate the highest common factor of o and n.
34
Let w = 73 - 13. Let a(c) = 19*c - 4. Let p be a(1). What is the highest common divisor of p and w?
15
Suppose -1 = -4*i - 9. Let z be (136/12)/(i/(-12)). Let p = z - 20. What is the highest common factor of 6 and p?
6
Let y = 1196 - 199. Suppose -2*x + 0*x = 5*p - 385, p = -5*x + y. Calculate the greatest common divisor of 40 and x.
40
Let z be -1 + (5/15)/((-3)/(-81)). Suppose 0*w + 5*w - 440 = 0. What is the greatest common factor of z and w?
8
Let h be ((-252)/60)/(2/(-270)). Let a be (h/(-18))/(3/(-8)). Calculate the greatest common divisor of 28 and a.
28
Let s(z) = -7*z**2 + 3*z + 4. Let b be s(5). Suppose 3*w - 12 = 5*w. Let n be (b/2)/(w/3). What is the highest common factor of 26 and n?
13
Suppose -17 = -2*d - 3*d - 4*l, -2*d - 4 = -2*l. Let q = 34 + -23. Suppose -3*z = -q - 7. Calculate the highest common divisor of z and d.
1
Let x = 738 - 646. Calculate the highest common factor of x and 230.
46
Let a(v) = 9*v + 1. Let w be a(2). Let q